{"id":10531,"date":"2026-01-10T12:20:37","date_gmt":"2026-01-10T12:20:37","guid":{"rendered":"https:\/\/culturaltravelmorocco.com\/product\/day-trip-from-fez-to-sefrou-bhalil-ifrane-azrou\/"},"modified":"2026-01-11T16:31:58","modified_gmt":"2026-01-11T16:31:58","slug":"excursion-de-un-dia-desde-fez-a-sefrou-bhalil-ifrane-y-azrou","status":"publish","type":"product","link":"https:\/\/www.culturaltravelmorocco.com\/es\/producto\/excursion-de-un-dia-desde-fez-a-sefrou-bhalil-ifrane-y-azrou\/","title":{"rendered":"Excursi\u00f3n de un d\u00eda desde Fez a Sefrou, Bhalil, Ifrane y Azrou"},"content":{"rendered":"<h2>Descripci\u00f3n general:<\/h2>\n<p>A las 9:00 h, su excursi\u00f3n privada de un d\u00eda desde Fez comienza con la recogida en su hotel o riad en un c\u00f3modo 4\u00d74 o veh\u00edculo con aire acondicionado. Esta excursi\u00f3n est\u00e1 dise\u00f1ada para explorar algunos de los pueblos y paisajes naturales m\u00e1s aut\u00e9nticos de la regi\u00f3n del Atlas Medio en un d\u00eda relajante.<\/p>\n<p>Su viaje comienza hacia Sefrou, un encantador pueblo cerca de Fez, donde podr\u00e1 disfrutar de un paseo por su medina tradicional y admirar sus cascadas naturales, uno de los principales atractivos de la ciudad. El viaje contin\u00faa hacia Bhalil, un singular pueblo de monta\u00f1a famoso por sus casas cueva, donde visitar\u00e1 a una familia bereber local y compartir\u00e1 un t\u00e9 de menta tradicional, descubriendo su vida cotidiana y cultura.<\/p>\n<p>Despu\u00e9s, pasar\u00e1 por Ifrane, a menudo llamada la \u00abSuiza marroqu\u00ed\u00bb gracias a su arquitectura de estilo alpino y sus calles limpias, y continuar\u00e1 hacia Azrou, un conocido pueblo bereber. Aqu\u00ed, visitar\u00e1 el bosque de cedros de Azrou, hogar del famoso Gran Cedro y de los simp\u00e1ticos monos de Berber\u00eda, que ofrece excelentes oportunidades para tomar fotos. A \u00faltima hora de la tarde regresar\u00e1s c\u00f3modamente a Fez, donde te dejar\u00e1n en tu alojamiento.<\/p>\n","protected":false},"excerpt":{"rendered":"<p>Descripci\u00f3n general: A las 9:00 h, su excursi\u00f3n privada de un d\u00eda desde Fez comienza con la recogida en su hotel o riad en un c\u00f3modo 4\u00d74 o veh\u00edculo con aire acondicionado. Esta excursi\u00f3n est\u00e1 dise\u00f1ada para explorar algunos de los pueblos y paisajes naturales m\u00e1s aut\u00e9nticos de la regi\u00f3n del Atlas Medio en un [&hellip;]<\/p>\n","protected":false},"featured_media":9747,"comment_status":"closed","ping_status":"closed","template":"","meta":{"_joinchat":[]},"product_brand":[],"product_cat":[80,79],"product_tag":[],"class_list":{"0":"post-10531","1":"product","2":"type-product","3":"status-publish","4":"has-post-thumbnail","6":"product_cat-excursion-de-un-dia-desde-fez","7":"product_cat-excursiones-de-un-dia","9":"first","10":"instock","11":"purchasable","12":"product-type-ovabrw_car_rental"},"yoast_head":"<!-- This site is optimized with the Yoast SEO Premium plugin v25.0 (Yoast SEO v25.0) - https:\/\/yoast.com\/wordpress\/plugins\/seo\/ -->\n<title>Excursi\u00f3n de un d\u00eda desde Fez a Sefrou, Bhalil, Ifrane y Azrou - Cultural Travel Morocco<\/title>\n<meta name=\"robots\" content=\"index, follow, max-snippet:-1, max-image-preview:large, max-video-preview:-1\" \/>\n<link rel=\"canonical\" href=\"https:\/\/www.culturaltravelmorocco.com\/es\/producto\/excursion-de-un-dia-desde-fez-a-sefrou-bhalil-ifrane-y-azrou\/\" \/>\n<meta property=\"og:locale\" content=\"es_ES\" \/>\n<meta property=\"og:type\" content=\"article\" \/>\n<meta property=\"og:title\" content=\"Excursi\u00f3n de un d\u00eda desde Fez a Sefrou, Bhalil, Ifrane y Azrou\" \/>\n<meta property=\"og:description\" content=\"Descripci\u00f3n general: A las 9:00 h, su excursi\u00f3n privada de un d\u00eda desde Fez comienza con la recogida en su hotel o riad en un c\u00f3modo 4\u00d74 o veh\u00edculo con aire acondicionado. Esta excursi\u00f3n est\u00e1 dise\u00f1ada para explorar algunos de los pueblos y paisajes naturales m\u00e1s aut\u00e9nticos de la regi\u00f3n del Atlas Medio en un [&hellip;]\" \/>\n<meta property=\"og:url\" content=\"https:\/\/www.culturaltravelmorocco.com\/es\/producto\/excursion-de-un-dia-desde-fez-a-sefrou-bhalil-ifrane-y-azrou\/\" \/>\n<meta property=\"og:site_name\" content=\"Cultural Travel Morocco\" \/>\n<meta property=\"article:modified_time\" content=\"2026-01-11T16:31:58+00:00\" \/>\n<meta property=\"og:image\" content=\"https:\/\/www.culturaltravelmorocco.com\/wp-content\/uploads\/2026\/01\/2-12.webp\" \/>\n\t<meta property=\"og:image:width\" content=\"1200\" \/>\n\t<meta property=\"og:image:height\" content=\"1000\" \/>\n\t<meta property=\"og:image:type\" content=\"image\/webp\" \/>\n<meta name=\"twitter:card\" content=\"summary_large_image\" \/>\n<meta name=\"twitter:label1\" content=\"Tiempo de lectura\" \/>\n\t<meta name=\"twitter:data1\" content=\"2 minutos\" \/>\n<script type=\"application\/ld+json\" class=\"yoast-schema-graph\">{\"@context\":\"https:\/\/schema.org\",\"@graph\":[{\"@type\":\"WebPage\",\"@id\":\"https:\/\/www.culturaltravelmorocco.com\/es\/producto\/excursion-de-un-dia-desde-fez-a-sefrou-bhalil-ifrane-y-azrou\/\",\"url\":\"https:\/\/www.culturaltravelmorocco.com\/es\/producto\/excursion-de-un-dia-desde-fez-a-sefrou-bhalil-ifrane-y-azrou\/\",\"name\":\"Excursi\u00f3n de un d\u00eda desde Fez a Sefrou, Bhalil, Ifrane y Azrou - Cultural Travel Morocco\",\"isPartOf\":{\"@id\":\"https:\/\/www.culturaltravelmorocco.com\/es\/#website\"},\"primaryImageOfPage\":{\"@id\":\"https:\/\/www.culturaltravelmorocco.com\/es\/producto\/excursion-de-un-dia-desde-fez-a-sefrou-bhalil-ifrane-y-azrou\/#primaryimage\"},\"image\":{\"@id\":\"https:\/\/www.culturaltravelmorocco.com\/es\/producto\/excursion-de-un-dia-desde-fez-a-sefrou-bhalil-ifrane-y-azrou\/#primaryimage\"},\"thumbnailUrl\":\"https:\/\/www.culturaltravelmorocco.com\/wp-content\/uploads\/2026\/01\/2-12.webp\",\"datePublished\":\"2026-01-10T12:20:37+00:00\",\"dateModified\":\"2026-01-11T16:31:58+00:00\",\"breadcrumb\":{\"@id\":\"https:\/\/www.culturaltravelmorocco.com\/es\/producto\/excursion-de-un-dia-desde-fez-a-sefrou-bhalil-ifrane-y-azrou\/#breadcrumb\"},\"inLanguage\":\"es\",\"potentialAction\":[{\"@type\":\"ReadAction\",\"target\":[\"https:\/\/www.culturaltravelmorocco.com\/es\/producto\/excursion-de-un-dia-desde-fez-a-sefrou-bhalil-ifrane-y-azrou\/\"]}]},{\"@type\":\"ImageObject\",\"inLanguage\":\"es\",\"@id\":\"https:\/\/www.culturaltravelmorocco.com\/es\/producto\/excursion-de-un-dia-desde-fez-a-sefrou-bhalil-ifrane-y-azrou\/#primaryimage\",\"url\":\"https:\/\/www.culturaltravelmorocco.com\/wp-content\/uploads\/2026\/01\/2-12.webp\",\"contentUrl\":\"https:\/\/www.culturaltravelmorocco.com\/wp-content\/uploads\/2026\/01\/2-12.webp\",\"width\":1200,\"height\":1000},{\"@type\":\"BreadcrumbList\",\"@id\":\"https:\/\/www.culturaltravelmorocco.com\/es\/producto\/excursion-de-un-dia-desde-fez-a-sefrou-bhalil-ifrane-y-azrou\/#breadcrumb\",\"itemListElement\":[{\"@type\":\"ListItem\",\"position\":1,\"name\":\"Inicio\",\"item\":\"https:\/\/maroon-guanaco-577987.hostingersite.com\/\"},{\"@type\":\"ListItem\",\"position\":2,\"name\":\"Productos\",\"item\":\"https:\/\/www.culturaltravelmorocco.com\/es\/shop\/\"},{\"@type\":\"ListItem\",\"position\":3,\"name\":\"Excursi\u00f3n de un d\u00eda desde Fez a Sefrou, Bhalil, Ifrane y Azrou\"}]},{\"@type\":\"WebSite\",\"@id\":\"https:\/\/www.culturaltravelmorocco.com\/es\/#website\",\"url\":\"https:\/\/www.culturaltravelmorocco.com\/es\/\",\"name\":\"Cultural Travel Morocco\",\"description\":\"\",\"potentialAction\":[{\"@type\":\"SearchAction\",\"target\":{\"@type\":\"EntryPoint\",\"urlTemplate\":\"https:\/\/www.culturaltravelmorocco.com\/es\/?s={search_term_string}\"},\"query-input\":{\"@type\":\"PropertyValueSpecification\",\"valueRequired\":true,\"valueName\":\"search_term_string\"}}],\"inLanguage\":\"es\"}]}<\/script>\n<!-- \/ Yoast SEO Premium plugin. -->","yoast_head_json":{"title":"Excursi\u00f3n de un d\u00eda desde Fez a Sefrou, Bhalil, Ifrane y Azrou - Cultural Travel Morocco","robots":{"index":"index","follow":"follow","max-snippet":"max-snippet:-1","max-image-preview":"max-image-preview:large","max-video-preview":"max-video-preview:-1"},"canonical":"https:\/\/www.culturaltravelmorocco.com\/es\/producto\/excursion-de-un-dia-desde-fez-a-sefrou-bhalil-ifrane-y-azrou\/","og_locale":"es_ES","og_type":"article","og_title":"Excursi\u00f3n de un d\u00eda desde Fez a Sefrou, Bhalil, Ifrane y Azrou","og_description":"Descripci\u00f3n general: A las 9:00 h, su excursi\u00f3n privada de un d\u00eda desde Fez comienza con la recogida en su hotel o riad en un c\u00f3modo 4\u00d74 o veh\u00edculo con aire acondicionado. Esta excursi\u00f3n est\u00e1 dise\u00f1ada para explorar algunos de los pueblos y paisajes naturales m\u00e1s aut\u00e9nticos de la regi\u00f3n del Atlas Medio en un [&hellip;]","og_url":"https:\/\/www.culturaltravelmorocco.com\/es\/producto\/excursion-de-un-dia-desde-fez-a-sefrou-bhalil-ifrane-y-azrou\/","og_site_name":"Cultural Travel Morocco","article_modified_time":"2026-01-11T16:31:58+00:00","og_image":[{"width":1200,"height":1000,"url":"https:\/\/www.culturaltravelmorocco.com\/wp-content\/uploads\/2026\/01\/2-12.webp","type":"image\/webp"}],"twitter_card":"summary_large_image","twitter_misc":{"Tiempo de lectura":"2 minutos"},"schema":{"@context":"https:\/\/schema.org","@graph":[{"@type":"WebPage","@id":"https:\/\/www.culturaltravelmorocco.com\/es\/producto\/excursion-de-un-dia-desde-fez-a-sefrou-bhalil-ifrane-y-azrou\/","url":"https:\/\/www.culturaltravelmorocco.com\/es\/producto\/excursion-de-un-dia-desde-fez-a-sefrou-bhalil-ifrane-y-azrou\/","name":"Excursi\u00f3n de un d\u00eda desde Fez a Sefrou, Bhalil, Ifrane y Azrou - Cultural Travel Morocco","isPartOf":{"@id":"https:\/\/www.culturaltravelmorocco.com\/es\/#website"},"primaryImageOfPage":{"@id":"https:\/\/www.culturaltravelmorocco.com\/es\/producto\/excursion-de-un-dia-desde-fez-a-sefrou-bhalil-ifrane-y-azrou\/#primaryimage"},"image":{"@id":"https:\/\/www.culturaltravelmorocco.com\/es\/producto\/excursion-de-un-dia-desde-fez-a-sefrou-bhalil-ifrane-y-azrou\/#primaryimage"},"thumbnailUrl":"https:\/\/www.culturaltravelmorocco.com\/wp-content\/uploads\/2026\/01\/2-12.webp","datePublished":"2026-01-10T12:20:37+00:00","dateModified":"2026-01-11T16:31:58+00:00","breadcrumb":{"@id":"https:\/\/www.culturaltravelmorocco.com\/es\/producto\/excursion-de-un-dia-desde-fez-a-sefrou-bhalil-ifrane-y-azrou\/#breadcrumb"},"inLanguage":"es","potentialAction":[{"@type":"ReadAction","target":["https:\/\/www.culturaltravelmorocco.com\/es\/producto\/excursion-de-un-dia-desde-fez-a-sefrou-bhalil-ifrane-y-azrou\/"]}]},{"@type":"ImageObject","inLanguage":"es","@id":"https:\/\/www.culturaltravelmorocco.com\/es\/producto\/excursion-de-un-dia-desde-fez-a-sefrou-bhalil-ifrane-y-azrou\/#primaryimage","url":"https:\/\/www.culturaltravelmorocco.com\/wp-content\/uploads\/2026\/01\/2-12.webp","contentUrl":"https:\/\/www.culturaltravelmorocco.com\/wp-content\/uploads\/2026\/01\/2-12.webp","width":1200,"height":1000},{"@type":"BreadcrumbList","@id":"https:\/\/www.culturaltravelmorocco.com\/es\/producto\/excursion-de-un-dia-desde-fez-a-sefrou-bhalil-ifrane-y-azrou\/#breadcrumb","itemListElement":[{"@type":"ListItem","position":1,"name":"Inicio","item":"https:\/\/maroon-guanaco-577987.hostingersite.com\/"},{"@type":"ListItem","position":2,"name":"Productos","item":"https:\/\/www.culturaltravelmorocco.com\/es\/shop\/"},{"@type":"ListItem","position":3,"name":"Excursi\u00f3n de un d\u00eda desde Fez a Sefrou, Bhalil, Ifrane y Azrou"}]},{"@type":"WebSite","@id":"https:\/\/www.culturaltravelmorocco.com\/es\/#website","url":"https:\/\/www.culturaltravelmorocco.com\/es\/","name":"Cultural Travel Morocco","description":"","potentialAction":[{"@type":"SearchAction","target":{"@type":"EntryPoint","urlTemplate":"https:\/\/www.culturaltravelmorocco.com\/es\/?s={search_term_string}"},"query-input":{"@type":"PropertyValueSpecification","valueRequired":true,"valueName":"search_term_string"}}],"inLanguage":"es"}]}},"_links":{"self":[{"href":"https:\/\/www.culturaltravelmorocco.com\/es\/wp-json\/wp\/v2\/product\/10531","targetHints":{"allow":["GET"]}}],"collection":[{"href":"https:\/\/www.culturaltravelmorocco.com\/es\/wp-json\/wp\/v2\/product"}],"about":[{"href":"https:\/\/www.culturaltravelmorocco.com\/es\/wp-json\/wp\/v2\/types\/product"}],"replies":[{"embeddable":true,"href":"https:\/\/www.culturaltravelmorocco.com\/es\/wp-json\/wp\/v2\/comments?post=10531"}],"wp:featuredmedia":[{"embeddable":true,"href":"https:\/\/www.culturaltravelmorocco.com\/es\/wp-json\/wp\/v2\/media\/9747"}],"wp:attachment":[{"href":"https:\/\/www.culturaltravelmorocco.com\/es\/wp-json\/wp\/v2\/media?parent=10531"}],"wp:term":[{"taxonomy":"product_brand","embeddable":true,"href":"https:\/\/www.culturaltravelmorocco.com\/es\/wp-json\/wp\/v2\/product_brand?post=10531"},{"taxonomy":"product_cat","embeddable":true,"href":"https:\/\/www.culturaltravelmorocco.com\/es\/wp-json\/wp\/v2\/product_cat?post=10531"},{"taxonomy":"product_tag","embeddable":true,"href":"https:\/\/www.culturaltravelmorocco.com\/es\/wp-json\/wp\/v2\/product_tag?post=10531"}],"curies":[{"name":"wp","href":"https:\/\/api.w.org\/{rel}","templated":true}]}}

Excursión de un día desde Fez a Sefrou, Bhalil, Ifrane y Azrou

<h2>Descripción general:</h2>
<p>A las 9:00 h, su excursión privada de un día desde Fez comienza con la recogida en su hotel o riad en un cómodo 4×4 o vehículo con aire acondicionado. Esta excursión está diseñada para explorar algunos de los pueblos y paisajes naturales más auténticos de la región del Atlas Medio en un día relajante.</p>
<p>Su viaje comienza hacia Sefrou, un encantador pueblo cerca de Fez, donde podrá disfrutar de un paseo por su medina tradicional y admirar sus cascadas naturales, uno de los principales atractivos de la ciudad. El viaje continúa hacia Bhalil, un singular pueblo de montaña famoso por sus casas cueva, donde visitará a una familia bereber local y compartirá un té de menta tradicional, descubriendo su vida cotidiana y cultura.</p>
<p>Después, pasará por Ifrane, a menudo llamada la «Suiza marroquí» gracias a su arquitectura de estilo alpino y sus calles limpias, y continuará hacia Azrou, un conocido pueblo bereber. Aquí, visitará el bosque de cedros de Azrou, hogar del famoso Gran Cedro y de los simpáticos monos de Berbería, que ofrece excelentes oportunidades para tomar fotos. A última hora de la tarde regresarás cómodamente a Fez, donde te dejarán en tu alojamiento.</p>

<p>Descripción general: A las 9:00 h, su excursión privada de un día desde Fez comienza con la recogida en su hotel o riad en un cómodo 4×4 o vehículo con aire acondicionado. Esta excursión está diseñada para explorar algunos de los pueblos y paisajes naturales más auténticos de la región del Atlas Medio en un [&hellip;]</p>

<!-- This site is optimized with the Yoast SEO Premium plugin v25.0 (Yoast SEO v25.0) - https://yoast.com/wordpress/plugins/seo/ -->
<title>Excursión de un día desde Fez a Sefrou, Bhalil, Ifrane y Azrou - Cultural Travel Morocco</title>
<meta name="robots" content="index, follow, max-snippet:-1, max-image-preview:large, max-video-preview:-1" />
<link rel="canonical" href="https://www.culturaltravelmorocco.com/es/producto/excursion-de-un-dia-desde-fez-a-sefrou-bhalil-ifrane-y-azrou/" />
<meta property="og:locale" content="es_ES" />
<meta property="og:type" content="article" />
<meta property="og:title" content="Excursión de un día desde Fez a Sefrou, Bhalil, Ifrane y Azrou" />
<meta property="og:description" content="Descripción general: A las 9:00 h, su excursión privada de un día desde Fez comienza con la recogida en su hotel o riad en un cómodo 4×4 o vehículo con aire acondicionado. Esta excursión está diseñada para explorar algunos de los pueblos y paisajes naturales más auténticos de la región del Atlas Medio en un [&hellip;]" />
<meta property="og:url" content="https://www.culturaltravelmorocco.com/es/producto/excursion-de-un-dia-desde-fez-a-sefrou-bhalil-ifrane-y-azrou/" />
<meta property="og:site_name" content="Cultural Travel Morocco" />
<meta property="article:modified_time" content="2026-01-11T16:31:58+00:00" />
<meta property="og:image" content="https://www.culturaltravelmorocco.com/wp-content/uploads/2026/01/2-12.webp" />
	<meta property="og:image:width" content="1200" />
	<meta property="og:image:height" content="1000" />
	<meta property="og:image:type" content="image/webp" />
<meta name="twitter:card" content="summary_large_image" />
<meta name="twitter:label1" content="Tiempo de lectura" />
	<meta name="twitter:data1" content="2 minutos" />
<script type="application/ld+json" class="yoast-schema-graph">{"@context":"https://schema.org","@graph":[{"@type":"WebPage","@id":"https://www.culturaltravelmorocco.com/es/producto/excursion-de-un-dia-desde-fez-a-sefrou-bhalil-ifrane-y-azrou/","url":"https://www.culturaltravelmorocco.com/es/producto/excursion-de-un-dia-desde-fez-a-sefrou-bhalil-ifrane-y-azrou/","name":"Excursión de un día desde Fez a Sefrou, Bhalil, Ifrane y Azrou - Cultural Travel Morocco","isPartOf":{"@id":"https://www.culturaltravelmorocco.com/es/#website"},"primaryImageOfPage":{"@id":"https://www.culturaltravelmorocco.com/es/producto/excursion-de-un-dia-desde-fez-a-sefrou-bhalil-ifrane-y-azrou/#primaryimage"},"image":{"@id":"https://www.culturaltravelmorocco.com/es/producto/excursion-de-un-dia-desde-fez-a-sefrou-bhalil-ifrane-y-azrou/#primaryimage"},"thumbnailUrl":"https://www.culturaltravelmorocco.com/wp-content/uploads/2026/01/2-12.webp","datePublished":"2026-01-10T12:20:37+00:00","dateModified":"2026-01-11T16:31:58+00:00","breadcrumb":{"@id":"https://www.culturaltravelmorocco.com/es/producto/excursion-de-un-dia-desde-fez-a-sefrou-bhalil-ifrane-y-azrou/#breadcrumb"},"inLanguage":"es","potentialAction":[{"@type":"ReadAction","target":["https://www.culturaltravelmorocco.com/es/producto/excursion-de-un-dia-desde-fez-a-sefrou-bhalil-ifrane-y-azrou/"]}]},{"@type":"ImageObject","inLanguage":"es","@id":"https://www.culturaltravelmorocco.com/es/producto/excursion-de-un-dia-desde-fez-a-sefrou-bhalil-ifrane-y-azrou/#primaryimage","url":"https://www.culturaltravelmorocco.com/wp-content/uploads/2026/01/2-12.webp","contentUrl":"https://www.culturaltravelmorocco.com/wp-content/uploads/2026/01/2-12.webp","width":1200,"height":1000},{"@type":"BreadcrumbList","@id":"https://www.culturaltravelmorocco.com/es/producto/excursion-de-un-dia-desde-fez-a-sefrou-bhalil-ifrane-y-azrou/#breadcrumb","itemListElement":[{"@type":"ListItem","position":1,"name":"Inicio","item":"https://maroon-guanaco-577987.hostingersite.com/"},{"@type":"ListItem","position":2,"name":"Productos","item":"https://www.culturaltravelmorocco.com/es/shop/"},{"@type":"ListItem","position":3,"name":"Excursión de un día desde Fez a Sefrou, Bhalil, Ifrane y Azrou"}]},{"@type":"WebSite","@id":"https://www.culturaltravelmorocco.com/es/#website","url":"https://www.culturaltravelmorocco.com/es/","name":"Cultural Travel Morocco","description":"","potentialAction":[{"@type":"SearchAction","target":{"@type":"EntryPoint","urlTemplate":"https://www.culturaltravelmorocco.com/es/?s={search_term_string}"},"query-input":{"@type":"PropertyValueSpecification","valueRequired":true,"valueName":"search_term_string"}}],"inLanguage":"es"}]}</script>
<!-- / Yoast SEO Premium plugin. -->

Excursión de un día desde Fez a Sefrou, Bhalil, Ifrane y Azrou - Cultural Travel Morocco

Descripción general: A las 9:00 h, su excursión privada de un día desde Fez comienza con la recogida en su hotel o riad en un cómodo 4×4 o vehículo con aire acondicionado. Esta excursión está diseñada para explorar algunos de los pueblos y paisajes naturales más auténticos de la región del Atlas Medio en un [&hellip;]
