{"id":10553,"date":"2026-01-10T12:20:37","date_gmt":"2026-01-10T12:20:37","guid":{"rendered":"https:\/\/culturaltravelmorocco.com\/product\/private-day-trip-from-tangier-to-tetouan\/"},"modified":"2026-01-11T16:49:44","modified_gmt":"2026-01-11T16:49:44","slug":"excursion-privada-de-un-dia-desde-tanger-a-tetuan","status":"publish","type":"product","link":"https:\/\/www.culturaltravelmorocco.com\/es\/producto\/excursion-privada-de-un-dia-desde-tanger-a-tetuan\/","title":{"rendered":"Excursi\u00f3n privada de un d\u00eda desde T\u00e1nger a Tetu\u00e1n"},"content":{"rendered":"<h2>Descripci\u00f3n general:<\/h2>\n<p>A las 9:00 h, su excursi\u00f3n privada de T\u00e1nger a Tetu\u00e1n comienza con la recogida en su hotel o riad en un c\u00f3modo veh\u00edculo con aire acondicionado. Esta excursi\u00f3n de un d\u00eda le llevar\u00e1 a una de las ciudades m\u00e1s aut\u00e9nticas y menos tur\u00edsticas de Marruecos, donde la vida cotidiana se desarrolla con naturalidad, preservando su profunda identidad cultural.<\/p>\n<p>A su llegada a Tetu\u00e1n, ciudad declarada Patrimonio de la Humanidad por la UNESCO, disfrutar\u00e1 de una visita guiada a pie por la antigua medina y la ciudad moderna. Explorar\u00e1 el animado zoco, la zona del Protectorado Espa\u00f1ol y el barrio jud\u00edo, con lugares destacados como la Plaza Primo de Rivera y la Plaza de Espa\u00f1a. Durante la visita, su gu\u00eda hispanohablante le compartir\u00e1 la historia de Tetu\u00e1n y le explicar\u00e1 c\u00f3mo la ciudad ha evolucionado, manteniendo su fuerte car\u00e1cter marroqu\u00ed.<\/p>\n<p>Tras la visita guiada, dispondr\u00e1 de tiempo libre en la medina para pasear a su propio ritmo, comprar productos locales y disfrutar del vibrante ambiente del zoco. Por la tarde, regresar\u00e1 c\u00f3modamente a T\u00e1nger y le dejar\u00e1n en su alojamiento.<\/p>\n","protected":false},"excerpt":{"rendered":"<p>Descripci\u00f3n general: A las 9:00 h, su excursi\u00f3n privada de T\u00e1nger a Tetu\u00e1n comienza con la recogida en su hotel o riad en un c\u00f3modo veh\u00edculo con aire acondicionado. Esta excursi\u00f3n de un d\u00eda le llevar\u00e1 a una de las ciudades m\u00e1s aut\u00e9nticas y menos tur\u00edsticas de Marruecos, donde la vida cotidiana se desarrolla con [&hellip;]<\/p>\n","protected":false},"featured_media":9759,"comment_status":"closed","ping_status":"closed","template":"","meta":{"_joinchat":[]},"product_brand":[],"product_cat":[82,79],"product_tag":[],"class_list":{"0":"post-10553","1":"product","2":"type-product","3":"status-publish","4":"has-post-thumbnail","6":"product_cat-excursion-de-un-dia-desde-tanger","7":"product_cat-excursiones-de-un-dia","9":"first","10":"instock","11":"purchasable","12":"product-type-ovabrw_car_rental"},"yoast_head":"<!-- This site is optimized with the Yoast SEO Premium plugin v25.0 (Yoast SEO v25.0) - https:\/\/yoast.com\/wordpress\/plugins\/seo\/ -->\n<title>Excursi\u00f3n privada de un d\u00eda desde T\u00e1nger a Tetu\u00e1n - Cultural Travel Morocco<\/title>\n<meta name=\"robots\" content=\"index, follow, max-snippet:-1, max-image-preview:large, max-video-preview:-1\" \/>\n<link rel=\"canonical\" href=\"https:\/\/www.culturaltravelmorocco.com\/es\/producto\/excursion-privada-de-un-dia-desde-tanger-a-tetuan\/\" \/>\n<meta property=\"og:locale\" content=\"es_ES\" \/>\n<meta property=\"og:type\" content=\"article\" \/>\n<meta property=\"og:title\" content=\"Excursi\u00f3n privada de un d\u00eda desde T\u00e1nger a Tetu\u00e1n\" \/>\n<meta property=\"og:description\" content=\"Descripci\u00f3n general: A las 9:00 h, su excursi\u00f3n privada de T\u00e1nger a Tetu\u00e1n comienza con la recogida en su hotel o riad en un c\u00f3modo veh\u00edculo con aire acondicionado. Esta excursi\u00f3n de un d\u00eda le llevar\u00e1 a una de las ciudades m\u00e1s aut\u00e9nticas y menos tur\u00edsticas de Marruecos, donde la vida cotidiana se desarrolla con [&hellip;]\" \/>\n<meta property=\"og:url\" content=\"https:\/\/www.culturaltravelmorocco.com\/es\/producto\/excursion-privada-de-un-dia-desde-tanger-a-tetuan\/\" \/>\n<meta property=\"og:site_name\" content=\"Cultural Travel Morocco\" \/>\n<meta property=\"article:modified_time\" content=\"2026-01-11T16:49:44+00:00\" \/>\n<meta property=\"og:image\" content=\"https:\/\/www.culturaltravelmorocco.com\/wp-content\/uploads\/2026\/01\/12-5.webp\" \/>\n\t<meta property=\"og:image:width\" content=\"1200\" \/>\n\t<meta property=\"og:image:height\" content=\"1000\" \/>\n\t<meta property=\"og:image:type\" content=\"image\/webp\" \/>\n<meta name=\"twitter:card\" content=\"summary_large_image\" \/>\n<meta name=\"twitter:label1\" content=\"Tiempo de lectura\" \/>\n\t<meta name=\"twitter:data1\" content=\"1 minuto\" \/>\n<script type=\"application\/ld+json\" class=\"yoast-schema-graph\">{\"@context\":\"https:\/\/schema.org\",\"@graph\":[{\"@type\":\"WebPage\",\"@id\":\"https:\/\/www.culturaltravelmorocco.com\/es\/producto\/excursion-privada-de-un-dia-desde-tanger-a-tetuan\/\",\"url\":\"https:\/\/www.culturaltravelmorocco.com\/es\/producto\/excursion-privada-de-un-dia-desde-tanger-a-tetuan\/\",\"name\":\"Excursi\u00f3n privada de un d\u00eda desde T\u00e1nger a Tetu\u00e1n - Cultural Travel Morocco\",\"isPartOf\":{\"@id\":\"https:\/\/www.culturaltravelmorocco.com\/es\/#website\"},\"primaryImageOfPage\":{\"@id\":\"https:\/\/www.culturaltravelmorocco.com\/es\/producto\/excursion-privada-de-un-dia-desde-tanger-a-tetuan\/#primaryimage\"},\"image\":{\"@id\":\"https:\/\/www.culturaltravelmorocco.com\/es\/producto\/excursion-privada-de-un-dia-desde-tanger-a-tetuan\/#primaryimage\"},\"thumbnailUrl\":\"https:\/\/www.culturaltravelmorocco.com\/wp-content\/uploads\/2026\/01\/12-5.webp\",\"datePublished\":\"2026-01-10T12:20:37+00:00\",\"dateModified\":\"2026-01-11T16:49:44+00:00\",\"breadcrumb\":{\"@id\":\"https:\/\/www.culturaltravelmorocco.com\/es\/producto\/excursion-privada-de-un-dia-desde-tanger-a-tetuan\/#breadcrumb\"},\"inLanguage\":\"es\",\"potentialAction\":[{\"@type\":\"ReadAction\",\"target\":[\"https:\/\/www.culturaltravelmorocco.com\/es\/producto\/excursion-privada-de-un-dia-desde-tanger-a-tetuan\/\"]}]},{\"@type\":\"ImageObject\",\"inLanguage\":\"es\",\"@id\":\"https:\/\/www.culturaltravelmorocco.com\/es\/producto\/excursion-privada-de-un-dia-desde-tanger-a-tetuan\/#primaryimage\",\"url\":\"https:\/\/www.culturaltravelmorocco.com\/wp-content\/uploads\/2026\/01\/12-5.webp\",\"contentUrl\":\"https:\/\/www.culturaltravelmorocco.com\/wp-content\/uploads\/2026\/01\/12-5.webp\",\"width\":1200,\"height\":1000},{\"@type\":\"BreadcrumbList\",\"@id\":\"https:\/\/www.culturaltravelmorocco.com\/es\/producto\/excursion-privada-de-un-dia-desde-tanger-a-tetuan\/#breadcrumb\",\"itemListElement\":[{\"@type\":\"ListItem\",\"position\":1,\"name\":\"Inicio\",\"item\":\"https:\/\/maroon-guanaco-577987.hostingersite.com\/\"},{\"@type\":\"ListItem\",\"position\":2,\"name\":\"Productos\",\"item\":\"https:\/\/www.culturaltravelmorocco.com\/es\/shop\/\"},{\"@type\":\"ListItem\",\"position\":3,\"name\":\"Excursi\u00f3n privada de un d\u00eda desde T\u00e1nger a Tetu\u00e1n\"}]},{\"@type\":\"WebSite\",\"@id\":\"https:\/\/www.culturaltravelmorocco.com\/es\/#website\",\"url\":\"https:\/\/www.culturaltravelmorocco.com\/es\/\",\"name\":\"Cultural Travel Morocco\",\"description\":\"\",\"potentialAction\":[{\"@type\":\"SearchAction\",\"target\":{\"@type\":\"EntryPoint\",\"urlTemplate\":\"https:\/\/www.culturaltravelmorocco.com\/es\/?s={search_term_string}\"},\"query-input\":{\"@type\":\"PropertyValueSpecification\",\"valueRequired\":true,\"valueName\":\"search_term_string\"}}],\"inLanguage\":\"es\"}]}<\/script>\n<!-- \/ Yoast SEO Premium plugin. -->","yoast_head_json":{"title":"Excursi\u00f3n privada de un d\u00eda desde T\u00e1nger a Tetu\u00e1n - Cultural Travel Morocco","robots":{"index":"index","follow":"follow","max-snippet":"max-snippet:-1","max-image-preview":"max-image-preview:large","max-video-preview":"max-video-preview:-1"},"canonical":"https:\/\/www.culturaltravelmorocco.com\/es\/producto\/excursion-privada-de-un-dia-desde-tanger-a-tetuan\/","og_locale":"es_ES","og_type":"article","og_title":"Excursi\u00f3n privada de un d\u00eda desde T\u00e1nger a Tetu\u00e1n","og_description":"Descripci\u00f3n general: A las 9:00 h, su excursi\u00f3n privada de T\u00e1nger a Tetu\u00e1n comienza con la recogida en su hotel o riad en un c\u00f3modo veh\u00edculo con aire acondicionado. Esta excursi\u00f3n de un d\u00eda le llevar\u00e1 a una de las ciudades m\u00e1s aut\u00e9nticas y menos tur\u00edsticas de Marruecos, donde la vida cotidiana se desarrolla con [&hellip;]","og_url":"https:\/\/www.culturaltravelmorocco.com\/es\/producto\/excursion-privada-de-un-dia-desde-tanger-a-tetuan\/","og_site_name":"Cultural Travel Morocco","article_modified_time":"2026-01-11T16:49:44+00:00","og_image":[{"width":1200,"height":1000,"url":"https:\/\/www.culturaltravelmorocco.com\/wp-content\/uploads\/2026\/01\/12-5.webp","type":"image\/webp"}],"twitter_card":"summary_large_image","twitter_misc":{"Tiempo de lectura":"1 minuto"},"schema":{"@context":"https:\/\/schema.org","@graph":[{"@type":"WebPage","@id":"https:\/\/www.culturaltravelmorocco.com\/es\/producto\/excursion-privada-de-un-dia-desde-tanger-a-tetuan\/","url":"https:\/\/www.culturaltravelmorocco.com\/es\/producto\/excursion-privada-de-un-dia-desde-tanger-a-tetuan\/","name":"Excursi\u00f3n privada de un d\u00eda desde T\u00e1nger a Tetu\u00e1n - Cultural Travel Morocco","isPartOf":{"@id":"https:\/\/www.culturaltravelmorocco.com\/es\/#website"},"primaryImageOfPage":{"@id":"https:\/\/www.culturaltravelmorocco.com\/es\/producto\/excursion-privada-de-un-dia-desde-tanger-a-tetuan\/#primaryimage"},"image":{"@id":"https:\/\/www.culturaltravelmorocco.com\/es\/producto\/excursion-privada-de-un-dia-desde-tanger-a-tetuan\/#primaryimage"},"thumbnailUrl":"https:\/\/www.culturaltravelmorocco.com\/wp-content\/uploads\/2026\/01\/12-5.webp","datePublished":"2026-01-10T12:20:37+00:00","dateModified":"2026-01-11T16:49:44+00:00","breadcrumb":{"@id":"https:\/\/www.culturaltravelmorocco.com\/es\/producto\/excursion-privada-de-un-dia-desde-tanger-a-tetuan\/#breadcrumb"},"inLanguage":"es","potentialAction":[{"@type":"ReadAction","target":["https:\/\/www.culturaltravelmorocco.com\/es\/producto\/excursion-privada-de-un-dia-desde-tanger-a-tetuan\/"]}]},{"@type":"ImageObject","inLanguage":"es","@id":"https:\/\/www.culturaltravelmorocco.com\/es\/producto\/excursion-privada-de-un-dia-desde-tanger-a-tetuan\/#primaryimage","url":"https:\/\/www.culturaltravelmorocco.com\/wp-content\/uploads\/2026\/01\/12-5.webp","contentUrl":"https:\/\/www.culturaltravelmorocco.com\/wp-content\/uploads\/2026\/01\/12-5.webp","width":1200,"height":1000},{"@type":"BreadcrumbList","@id":"https:\/\/www.culturaltravelmorocco.com\/es\/producto\/excursion-privada-de-un-dia-desde-tanger-a-tetuan\/#breadcrumb","itemListElement":[{"@type":"ListItem","position":1,"name":"Inicio","item":"https:\/\/maroon-guanaco-577987.hostingersite.com\/"},{"@type":"ListItem","position":2,"name":"Productos","item":"https:\/\/www.culturaltravelmorocco.com\/es\/shop\/"},{"@type":"ListItem","position":3,"name":"Excursi\u00f3n privada de un d\u00eda desde T\u00e1nger a Tetu\u00e1n"}]},{"@type":"WebSite","@id":"https:\/\/www.culturaltravelmorocco.com\/es\/#website","url":"https:\/\/www.culturaltravelmorocco.com\/es\/","name":"Cultural Travel Morocco","description":"","potentialAction":[{"@type":"SearchAction","target":{"@type":"EntryPoint","urlTemplate":"https:\/\/www.culturaltravelmorocco.com\/es\/?s={search_term_string}"},"query-input":{"@type":"PropertyValueSpecification","valueRequired":true,"valueName":"search_term_string"}}],"inLanguage":"es"}]}},"_links":{"self":[{"href":"https:\/\/www.culturaltravelmorocco.com\/es\/wp-json\/wp\/v2\/product\/10553","targetHints":{"allow":["GET"]}}],"collection":[{"href":"https:\/\/www.culturaltravelmorocco.com\/es\/wp-json\/wp\/v2\/product"}],"about":[{"href":"https:\/\/www.culturaltravelmorocco.com\/es\/wp-json\/wp\/v2\/types\/product"}],"replies":[{"embeddable":true,"href":"https:\/\/www.culturaltravelmorocco.com\/es\/wp-json\/wp\/v2\/comments?post=10553"}],"wp:featuredmedia":[{"embeddable":true,"href":"https:\/\/www.culturaltravelmorocco.com\/es\/wp-json\/wp\/v2\/media\/9759"}],"wp:attachment":[{"href":"https:\/\/www.culturaltravelmorocco.com\/es\/wp-json\/wp\/v2\/media?parent=10553"}],"wp:term":[{"taxonomy":"product_brand","embeddable":true,"href":"https:\/\/www.culturaltravelmorocco.com\/es\/wp-json\/wp\/v2\/product_brand?post=10553"},{"taxonomy":"product_cat","embeddable":true,"href":"https:\/\/www.culturaltravelmorocco.com\/es\/wp-json\/wp\/v2\/product_cat?post=10553"},{"taxonomy":"product_tag","embeddable":true,"href":"https:\/\/www.culturaltravelmorocco.com\/es\/wp-json\/wp\/v2\/product_tag?post=10553"}],"curies":[{"name":"wp","href":"https:\/\/api.w.org\/{rel}","templated":true}]}}

Excursión privada de un día desde Tánger a Tetuán

<h2>Descripción general:</h2>
<p>A las 9:00 h, su excursión privada de Tánger a Tetuán comienza con la recogida en su hotel o riad en un cómodo vehículo con aire acondicionado. Esta excursión de un día le llevará a una de las ciudades más auténticas y menos turísticas de Marruecos, donde la vida cotidiana se desarrolla con naturalidad, preservando su profunda identidad cultural.</p>
<p>A su llegada a Tetuán, ciudad declarada Patrimonio de la Humanidad por la UNESCO, disfrutará de una visita guiada a pie por la antigua medina y la ciudad moderna. Explorará el animado zoco, la zona del Protectorado Español y el barrio judío, con lugares destacados como la Plaza Primo de Rivera y la Plaza de España. Durante la visita, su guía hispanohablante le compartirá la historia de Tetuán y le explicará cómo la ciudad ha evolucionado, manteniendo su fuerte carácter marroquí.</p>
<p>Tras la visita guiada, dispondrá de tiempo libre en la medina para pasear a su propio ritmo, comprar productos locales y disfrutar del vibrante ambiente del zoco. Por la tarde, regresará cómodamente a Tánger y le dejarán en su alojamiento.</p>

<p>Descripción general: A las 9:00 h, su excursión privada de Tánger a Tetuán comienza con la recogida en su hotel o riad en un cómodo vehículo con aire acondicionado. Esta excursión de un día le llevará a una de las ciudades más auténticas y menos turísticas de Marruecos, donde la vida cotidiana se desarrolla con [&hellip;]</p>

<!-- This site is optimized with the Yoast SEO Premium plugin v25.0 (Yoast SEO v25.0) - https://yoast.com/wordpress/plugins/seo/ -->
<title>Excursión privada de un día desde Tánger a Tetuán - Cultural Travel Morocco</title>
<meta name="robots" content="index, follow, max-snippet:-1, max-image-preview:large, max-video-preview:-1" />
<link rel="canonical" href="https://www.culturaltravelmorocco.com/es/producto/excursion-privada-de-un-dia-desde-tanger-a-tetuan/" />
<meta property="og:locale" content="es_ES" />
<meta property="og:type" content="article" />
<meta property="og:title" content="Excursión privada de un día desde Tánger a Tetuán" />
<meta property="og:description" content="Descripción general: A las 9:00 h, su excursión privada de Tánger a Tetuán comienza con la recogida en su hotel o riad en un cómodo vehículo con aire acondicionado. Esta excursión de un día le llevará a una de las ciudades más auténticas y menos turísticas de Marruecos, donde la vida cotidiana se desarrolla con [&hellip;]" />
<meta property="og:url" content="https://www.culturaltravelmorocco.com/es/producto/excursion-privada-de-un-dia-desde-tanger-a-tetuan/" />
<meta property="og:site_name" content="Cultural Travel Morocco" />
<meta property="article:modified_time" content="2026-01-11T16:49:44+00:00" />
<meta property="og:image" content="https://www.culturaltravelmorocco.com/wp-content/uploads/2026/01/12-5.webp" />
	<meta property="og:image:width" content="1200" />
	<meta property="og:image:height" content="1000" />
	<meta property="og:image:type" content="image/webp" />
<meta name="twitter:card" content="summary_large_image" />
<meta name="twitter:label1" content="Tiempo de lectura" />
	<meta name="twitter:data1" content="1 minuto" />
<script type="application/ld+json" class="yoast-schema-graph">{"@context":"https://schema.org","@graph":[{"@type":"WebPage","@id":"https://www.culturaltravelmorocco.com/es/producto/excursion-privada-de-un-dia-desde-tanger-a-tetuan/","url":"https://www.culturaltravelmorocco.com/es/producto/excursion-privada-de-un-dia-desde-tanger-a-tetuan/","name":"Excursión privada de un día desde Tánger a Tetuán - Cultural Travel Morocco","isPartOf":{"@id":"https://www.culturaltravelmorocco.com/es/#website"},"primaryImageOfPage":{"@id":"https://www.culturaltravelmorocco.com/es/producto/excursion-privada-de-un-dia-desde-tanger-a-tetuan/#primaryimage"},"image":{"@id":"https://www.culturaltravelmorocco.com/es/producto/excursion-privada-de-un-dia-desde-tanger-a-tetuan/#primaryimage"},"thumbnailUrl":"https://www.culturaltravelmorocco.com/wp-content/uploads/2026/01/12-5.webp","datePublished":"2026-01-10T12:20:37+00:00","dateModified":"2026-01-11T16:49:44+00:00","breadcrumb":{"@id":"https://www.culturaltravelmorocco.com/es/producto/excursion-privada-de-un-dia-desde-tanger-a-tetuan/#breadcrumb"},"inLanguage":"es","potentialAction":[{"@type":"ReadAction","target":["https://www.culturaltravelmorocco.com/es/producto/excursion-privada-de-un-dia-desde-tanger-a-tetuan/"]}]},{"@type":"ImageObject","inLanguage":"es","@id":"https://www.culturaltravelmorocco.com/es/producto/excursion-privada-de-un-dia-desde-tanger-a-tetuan/#primaryimage","url":"https://www.culturaltravelmorocco.com/wp-content/uploads/2026/01/12-5.webp","contentUrl":"https://www.culturaltravelmorocco.com/wp-content/uploads/2026/01/12-5.webp","width":1200,"height":1000},{"@type":"BreadcrumbList","@id":"https://www.culturaltravelmorocco.com/es/producto/excursion-privada-de-un-dia-desde-tanger-a-tetuan/#breadcrumb","itemListElement":[{"@type":"ListItem","position":1,"name":"Inicio","item":"https://maroon-guanaco-577987.hostingersite.com/"},{"@type":"ListItem","position":2,"name":"Productos","item":"https://www.culturaltravelmorocco.com/es/shop/"},{"@type":"ListItem","position":3,"name":"Excursión privada de un día desde Tánger a Tetuán"}]},{"@type":"WebSite","@id":"https://www.culturaltravelmorocco.com/es/#website","url":"https://www.culturaltravelmorocco.com/es/","name":"Cultural Travel Morocco","description":"","potentialAction":[{"@type":"SearchAction","target":{"@type":"EntryPoint","urlTemplate":"https://www.culturaltravelmorocco.com/es/?s={search_term_string}"},"query-input":{"@type":"PropertyValueSpecification","valueRequired":true,"valueName":"search_term_string"}}],"inLanguage":"es"}]}</script>
<!-- / Yoast SEO Premium plugin. -->

Excursión privada de un día desde Tánger a Tetuán - Cultural Travel Morocco

Descripción general: A las 9:00 h, su excursión privada de Tánger a Tetuán comienza con la recogida en su hotel o riad en un cómodo vehículo con aire acondicionado. Esta excursión de un día le llevará a una de las ciudades más auténticas y menos turísticas de Marruecos, donde la vida cotidiana se desarrolla con [&hellip;]
