{"id":11207,"date":"2026-01-10T12:20:37","date_gmt":"2026-01-10T12:20:37","guid":{"rendered":"https:\/\/culturaltravelmorocco.com\/product\/2-day-private-tour-from-fez-to-chefchaouen-volubilis-meknes\/"},"modified":"2026-01-12T16:36:08","modified_gmt":"2026-01-12T16:36:08","slug":"tour-privato-di-2-giorni-da-fez-a-chefchaouen-volubilis-e-meknes","status":"publish","type":"product","link":"https:\/\/www.culturaltravelmorocco.com\/it\/prodotto\/tour-privato-di-2-giorni-da-fez-a-chefchaouen-volubilis-e-meknes\/","title":{"rendered":"Tour privato di 2 giorni da Fez a Chefchaouen, Volubilis e Meknes"},"content":{"rendered":"<h2>Panoramica:<\/h2>\n<p>Questo tour privato di 2 giorni da Fez a Chefchaouen \u00e8 il modo perfetto per scoprire le destinazioni pi\u00f9 iconiche del nord del Marocco a un ritmo rilassato. Alle 9:00, la tua guida autista professionale di lingua spagnola ti verr\u00e0 a prendere al tuo hotel o riad a Fez e inizier\u00e0 il viaggio attraverso paesaggi montani panoramici verso la famosa Citt\u00e0 Blu di Chefchaouen, incastonata tra le montagne del Rif. Lungo il percorso, goditi soste fotografiche, punti panoramici e una tranquilla pausa t\u00e8 in montagna prima di arrivare in questa magica citt\u00e0 dipinta di blu.<\/p>\n<p>Il secondo giorno, dopo la colazione, il viaggio continua attraverso la ricca storia del Marocco con visite alle rovine romane di Volubilis (patrimonio mondiale dell&#8217;UNESCO), alla citt\u00e0 santa di Moulay Idris e alla citt\u00e0 imperiale di Meknes, nota per la sua imponente porta Bab El Mansour e i vivaci souk. Questo tour privato combina cultura, storia, paesaggi e autentiche esperienze locali, prima di tornare comodamente a Fez nel pomeriggio.<\/p>\n","protected":false},"excerpt":{"rendered":"<p>Panoramica: Questo tour privato di 2 giorni da Fez a Chefchaouen \u00e8 il modo perfetto per scoprire le destinazioni pi\u00f9 iconiche del nord del Marocco a un ritmo rilassato. Alle 9:00, la tua guida autista professionale di lingua spagnola ti verr\u00e0 a prendere al tuo hotel o riad a Fez e inizier\u00e0 il viaggio attraverso [&hellip;]<\/p>\n","protected":false},"featured_media":9542,"comment_status":"closed","ping_status":"closed","template":"","meta":{"_joinchat":[]},"product_brand":[],"product_cat":[93,92],"product_tag":[],"class_list":{"0":"post-11207","1":"product","2":"type-product","3":"status-publish","4":"has-post-thumbnail","6":"product_cat-gita-di-un-giorno-da-fez","7":"product_cat-gite-di-un-giorno","9":"first","10":"instock","11":"purchasable","12":"product-type-ovabrw_car_rental"},"yoast_head":"<!-- This site is optimized with the Yoast SEO Premium plugin v25.0 (Yoast SEO v25.0) - https:\/\/yoast.com\/wordpress\/plugins\/seo\/ -->\n<title>Tour privato di 2 giorni da Fez a Chefchaouen, Volubilis e Meknes - Cultural Travel Morocco<\/title>\n<meta name=\"robots\" content=\"index, follow, max-snippet:-1, max-image-preview:large, max-video-preview:-1\" \/>\n<link rel=\"canonical\" href=\"https:\/\/www.culturaltravelmorocco.com\/it\/prodotto\/tour-privato-di-2-giorni-da-fez-a-chefchaouen-volubilis-e-meknes\/\" \/>\n<meta property=\"og:locale\" content=\"it_IT\" \/>\n<meta property=\"og:type\" content=\"article\" \/>\n<meta property=\"og:title\" content=\"Tour privato di 2 giorni da Fez a Chefchaouen, Volubilis e Meknes\" \/>\n<meta property=\"og:description\" content=\"Panoramica: Questo tour privato di 2 giorni da Fez a Chefchaouen \u00e8 il modo perfetto per scoprire le destinazioni pi\u00f9 iconiche del nord del Marocco a un ritmo rilassato. Alle 9:00, la tua guida autista professionale di lingua spagnola ti verr\u00e0 a prendere al tuo hotel o riad a Fez e inizier\u00e0 il viaggio attraverso [&hellip;]\" \/>\n<meta property=\"og:url\" content=\"https:\/\/www.culturaltravelmorocco.com\/it\/prodotto\/tour-privato-di-2-giorni-da-fez-a-chefchaouen-volubilis-e-meknes\/\" \/>\n<meta property=\"og:site_name\" content=\"Cultural Travel Morocco\" \/>\n<meta property=\"article:modified_time\" content=\"2026-01-12T16:36:08+00:00\" \/>\n<meta name=\"twitter:card\" content=\"summary_large_image\" \/>\n<meta name=\"twitter:label1\" content=\"Tempo di lettura stimato\" \/>\n\t<meta name=\"twitter:data1\" content=\"1 minuto\" \/>\n<script type=\"application\/ld+json\" class=\"yoast-schema-graph\">{\"@context\":\"https:\/\/schema.org\",\"@graph\":[{\"@type\":\"WebPage\",\"@id\":\"https:\/\/www.culturaltravelmorocco.com\/it\/prodotto\/tour-privato-di-2-giorni-da-fez-a-chefchaouen-volubilis-e-meknes\/\",\"url\":\"https:\/\/www.culturaltravelmorocco.com\/it\/prodotto\/tour-privato-di-2-giorni-da-fez-a-chefchaouen-volubilis-e-meknes\/\",\"name\":\"Tour privato di 2 giorni da Fez a Chefchaouen, Volubilis e Meknes - Cultural Travel Morocco\",\"isPartOf\":{\"@id\":\"https:\/\/www.culturaltravelmorocco.com\/it\/#website\"},\"primaryImageOfPage\":{\"@id\":\"https:\/\/www.culturaltravelmorocco.com\/it\/prodotto\/tour-privato-di-2-giorni-da-fez-a-chefchaouen-volubilis-e-meknes\/#primaryimage\"},\"image\":{\"@id\":\"https:\/\/www.culturaltravelmorocco.com\/it\/prodotto\/tour-privato-di-2-giorni-da-fez-a-chefchaouen-volubilis-e-meknes\/#primaryimage\"},\"thumbnailUrl\":\"https:\/\/www.culturaltravelmorocco.com\/wp-content\/uploads\/2026\/01\/8-4.webp\",\"datePublished\":\"2026-01-10T12:20:37+00:00\",\"dateModified\":\"2026-01-12T16:36:08+00:00\",\"breadcrumb\":{\"@id\":\"https:\/\/www.culturaltravelmorocco.com\/it\/prodotto\/tour-privato-di-2-giorni-da-fez-a-chefchaouen-volubilis-e-meknes\/#breadcrumb\"},\"inLanguage\":\"it-IT\",\"potentialAction\":[{\"@type\":\"ReadAction\",\"target\":[\"https:\/\/www.culturaltravelmorocco.com\/it\/prodotto\/tour-privato-di-2-giorni-da-fez-a-chefchaouen-volubilis-e-meknes\/\"]}]},{\"@type\":\"ImageObject\",\"inLanguage\":\"it-IT\",\"@id\":\"https:\/\/www.culturaltravelmorocco.com\/it\/prodotto\/tour-privato-di-2-giorni-da-fez-a-chefchaouen-volubilis-e-meknes\/#primaryimage\",\"url\":\"https:\/\/www.culturaltravelmorocco.com\/wp-content\/uploads\/2026\/01\/8-4.webp\",\"contentUrl\":\"https:\/\/www.culturaltravelmorocco.com\/wp-content\/uploads\/2026\/01\/8-4.webp\",\"width\":1200,\"height\":1000},{\"@type\":\"BreadcrumbList\",\"@id\":\"https:\/\/www.culturaltravelmorocco.com\/it\/prodotto\/tour-privato-di-2-giorni-da-fez-a-chefchaouen-volubilis-e-meknes\/#breadcrumb\",\"itemListElement\":[{\"@type\":\"ListItem\",\"position\":1,\"name\":\"Home\",\"item\":\"https:\/\/www.culturaltravelmorocco.com\/it\/\"},{\"@type\":\"ListItem\",\"position\":2,\"name\":\"Prodotti\",\"item\":\"https:\/\/www.culturaltravelmorocco.com\/it\/shop\/\"},{\"@type\":\"ListItem\",\"position\":3,\"name\":\"Tour privato di 2 giorni da Fez a Chefchaouen, Volubilis e Meknes\"}]},{\"@type\":\"WebSite\",\"@id\":\"https:\/\/www.culturaltravelmorocco.com\/it\/#website\",\"url\":\"https:\/\/www.culturaltravelmorocco.com\/it\/\",\"name\":\"Cultural Travel Morocco\",\"description\":\"\",\"potentialAction\":[{\"@type\":\"SearchAction\",\"target\":{\"@type\":\"EntryPoint\",\"urlTemplate\":\"https:\/\/www.culturaltravelmorocco.com\/it\/?s={search_term_string}\"},\"query-input\":{\"@type\":\"PropertyValueSpecification\",\"valueRequired\":true,\"valueName\":\"search_term_string\"}}],\"inLanguage\":\"it-IT\"}]}<\/script>\n<!-- \/ Yoast SEO Premium plugin. -->","yoast_head_json":{"title":"Tour privato di 2 giorni da Fez a Chefchaouen, Volubilis e Meknes - Cultural Travel Morocco","robots":{"index":"index","follow":"follow","max-snippet":"max-snippet:-1","max-image-preview":"max-image-preview:large","max-video-preview":"max-video-preview:-1"},"canonical":"https:\/\/www.culturaltravelmorocco.com\/it\/prodotto\/tour-privato-di-2-giorni-da-fez-a-chefchaouen-volubilis-e-meknes\/","og_locale":"it_IT","og_type":"article","og_title":"Tour privato di 2 giorni da Fez a Chefchaouen, Volubilis e Meknes","og_description":"Panoramica: Questo tour privato di 2 giorni da Fez a Chefchaouen \u00e8 il modo perfetto per scoprire le destinazioni pi\u00f9 iconiche del nord del Marocco a un ritmo rilassato. Alle 9:00, la tua guida autista professionale di lingua spagnola ti verr\u00e0 a prendere al tuo hotel o riad a Fez e inizier\u00e0 il viaggio attraverso [&hellip;]","og_url":"https:\/\/www.culturaltravelmorocco.com\/it\/prodotto\/tour-privato-di-2-giorni-da-fez-a-chefchaouen-volubilis-e-meknes\/","og_site_name":"Cultural Travel Morocco","article_modified_time":"2026-01-12T16:36:08+00:00","twitter_card":"summary_large_image","twitter_misc":{"Tempo di lettura stimato":"1 minuto"},"schema":{"@context":"https:\/\/schema.org","@graph":[{"@type":"WebPage","@id":"https:\/\/www.culturaltravelmorocco.com\/it\/prodotto\/tour-privato-di-2-giorni-da-fez-a-chefchaouen-volubilis-e-meknes\/","url":"https:\/\/www.culturaltravelmorocco.com\/it\/prodotto\/tour-privato-di-2-giorni-da-fez-a-chefchaouen-volubilis-e-meknes\/","name":"Tour privato di 2 giorni da Fez a Chefchaouen, Volubilis e Meknes - Cultural Travel Morocco","isPartOf":{"@id":"https:\/\/www.culturaltravelmorocco.com\/it\/#website"},"primaryImageOfPage":{"@id":"https:\/\/www.culturaltravelmorocco.com\/it\/prodotto\/tour-privato-di-2-giorni-da-fez-a-chefchaouen-volubilis-e-meknes\/#primaryimage"},"image":{"@id":"https:\/\/www.culturaltravelmorocco.com\/it\/prodotto\/tour-privato-di-2-giorni-da-fez-a-chefchaouen-volubilis-e-meknes\/#primaryimage"},"thumbnailUrl":"https:\/\/www.culturaltravelmorocco.com\/wp-content\/uploads\/2026\/01\/8-4.webp","datePublished":"2026-01-10T12:20:37+00:00","dateModified":"2026-01-12T16:36:08+00:00","breadcrumb":{"@id":"https:\/\/www.culturaltravelmorocco.com\/it\/prodotto\/tour-privato-di-2-giorni-da-fez-a-chefchaouen-volubilis-e-meknes\/#breadcrumb"},"inLanguage":"it-IT","potentialAction":[{"@type":"ReadAction","target":["https:\/\/www.culturaltravelmorocco.com\/it\/prodotto\/tour-privato-di-2-giorni-da-fez-a-chefchaouen-volubilis-e-meknes\/"]}]},{"@type":"ImageObject","inLanguage":"it-IT","@id":"https:\/\/www.culturaltravelmorocco.com\/it\/prodotto\/tour-privato-di-2-giorni-da-fez-a-chefchaouen-volubilis-e-meknes\/#primaryimage","url":"https:\/\/www.culturaltravelmorocco.com\/wp-content\/uploads\/2026\/01\/8-4.webp","contentUrl":"https:\/\/www.culturaltravelmorocco.com\/wp-content\/uploads\/2026\/01\/8-4.webp","width":1200,"height":1000},{"@type":"BreadcrumbList","@id":"https:\/\/www.culturaltravelmorocco.com\/it\/prodotto\/tour-privato-di-2-giorni-da-fez-a-chefchaouen-volubilis-e-meknes\/#breadcrumb","itemListElement":[{"@type":"ListItem","position":1,"name":"Home","item":"https:\/\/www.culturaltravelmorocco.com\/it\/"},{"@type":"ListItem","position":2,"name":"Prodotti","item":"https:\/\/www.culturaltravelmorocco.com\/it\/shop\/"},{"@type":"ListItem","position":3,"name":"Tour privato di 2 giorni da Fez a Chefchaouen, Volubilis e Meknes"}]},{"@type":"WebSite","@id":"https:\/\/www.culturaltravelmorocco.com\/it\/#website","url":"https:\/\/www.culturaltravelmorocco.com\/it\/","name":"Cultural Travel Morocco","description":"","potentialAction":[{"@type":"SearchAction","target":{"@type":"EntryPoint","urlTemplate":"https:\/\/www.culturaltravelmorocco.com\/it\/?s={search_term_string}"},"query-input":{"@type":"PropertyValueSpecification","valueRequired":true,"valueName":"search_term_string"}}],"inLanguage":"it-IT"}]}},"_links":{"self":[{"href":"https:\/\/www.culturaltravelmorocco.com\/it\/wp-json\/wp\/v2\/product\/11207","targetHints":{"allow":["GET"]}}],"collection":[{"href":"https:\/\/www.culturaltravelmorocco.com\/it\/wp-json\/wp\/v2\/product"}],"about":[{"href":"https:\/\/www.culturaltravelmorocco.com\/it\/wp-json\/wp\/v2\/types\/product"}],"replies":[{"embeddable":true,"href":"https:\/\/www.culturaltravelmorocco.com\/it\/wp-json\/wp\/v2\/comments?post=11207"}],"wp:featuredmedia":[{"embeddable":true,"href":"https:\/\/www.culturaltravelmorocco.com\/it\/wp-json\/wp\/v2\/media\/9542"}],"wp:attachment":[{"href":"https:\/\/www.culturaltravelmorocco.com\/it\/wp-json\/wp\/v2\/media?parent=11207"}],"wp:term":[{"taxonomy":"product_brand","embeddable":true,"href":"https:\/\/www.culturaltravelmorocco.com\/it\/wp-json\/wp\/v2\/product_brand?post=11207"},{"taxonomy":"product_cat","embeddable":true,"href":"https:\/\/www.culturaltravelmorocco.com\/it\/wp-json\/wp\/v2\/product_cat?post=11207"},{"taxonomy":"product_tag","embeddable":true,"href":"https:\/\/www.culturaltravelmorocco.com\/it\/wp-json\/wp\/v2\/product_tag?post=11207"}],"curies":[{"name":"wp","href":"https:\/\/api.w.org\/{rel}","templated":true}]}}

<h2>Panoramica:</h2>
<p>Questo tour privato di 2 giorni da Fez a Chefchaouen è il modo perfetto per scoprire le destinazioni più iconiche del nord del Marocco a un ritmo rilassato. Alle 9:00, la tua guida autista professionale di lingua spagnola ti verrà a prendere al tuo hotel o riad a Fez e inizierà il viaggio attraverso paesaggi montani panoramici verso la famosa Città Blu di Chefchaouen, incastonata tra le montagne del Rif. Lungo il percorso, goditi soste fotografiche, punti panoramici e una tranquilla pausa tè in montagna prima di arrivare in questa magica città dipinta di blu.</p>
<p>Il secondo giorno, dopo la colazione, il viaggio continua attraverso la ricca storia del Marocco con visite alle rovine romane di Volubilis (patrimonio mondiale dell&#8217;UNESCO), alla città santa di Moulay Idris e alla città imperiale di Meknes, nota per la sua imponente porta Bab El Mansour e i vivaci souk. Questo tour privato combina cultura, storia, paesaggi e autentiche esperienze locali, prima di tornare comodamente a Fez nel pomeriggio.</p>

<p>Panoramica: Questo tour privato di 2 giorni da Fez a Chefchaouen è il modo perfetto per scoprire le destinazioni più iconiche del nord del Marocco a un ritmo rilassato. Alle 9:00, la tua guida autista professionale di lingua spagnola ti verrà a prendere al tuo hotel o riad a Fez e inizierà il viaggio attraverso [&hellip;]</p>

<!-- This site is optimized with the Yoast SEO Premium plugin v25.0 (Yoast SEO v25.0) - https://yoast.com/wordpress/plugins/seo/ -->
<title>Tour privato di 2 giorni da Fez a Chefchaouen, Volubilis e Meknes - Cultural Travel Morocco</title>
<meta name="robots" content="index, follow, max-snippet:-1, max-image-preview:large, max-video-preview:-1" />
<link rel="canonical" href="https://www.culturaltravelmorocco.com/it/prodotto/tour-privato-di-2-giorni-da-fez-a-chefchaouen-volubilis-e-meknes/" />
<meta property="og:locale" content="it_IT" />
<meta property="og:type" content="article" />
<meta property="og:title" content="Tour privato di 2 giorni da Fez a Chefchaouen, Volubilis e Meknes" />
<meta property="og:description" content="Panoramica: Questo tour privato di 2 giorni da Fez a Chefchaouen è il modo perfetto per scoprire le destinazioni più iconiche del nord del Marocco a un ritmo rilassato. Alle 9:00, la tua guida autista professionale di lingua spagnola ti verrà a prendere al tuo hotel o riad a Fez e inizierà il viaggio attraverso [&hellip;]" />
<meta property="og:url" content="https://www.culturaltravelmorocco.com/it/prodotto/tour-privato-di-2-giorni-da-fez-a-chefchaouen-volubilis-e-meknes/" />
<meta property="og:site_name" content="Cultural Travel Morocco" />
<meta property="article:modified_time" content="2026-01-12T16:36:08+00:00" />
<meta name="twitter:card" content="summary_large_image" />
<meta name="twitter:label1" content="Tempo di lettura stimato" />
	<meta name="twitter:data1" content="1 minuto" />
<script type="application/ld+json" class="yoast-schema-graph">{"@context":"https://schema.org","@graph":[{"@type":"WebPage","@id":"https://www.culturaltravelmorocco.com/it/prodotto/tour-privato-di-2-giorni-da-fez-a-chefchaouen-volubilis-e-meknes/","url":"https://www.culturaltravelmorocco.com/it/prodotto/tour-privato-di-2-giorni-da-fez-a-chefchaouen-volubilis-e-meknes/","name":"Tour privato di 2 giorni da Fez a Chefchaouen, Volubilis e Meknes - Cultural Travel Morocco","isPartOf":{"@id":"https://www.culturaltravelmorocco.com/it/#website"},"primaryImageOfPage":{"@id":"https://www.culturaltravelmorocco.com/it/prodotto/tour-privato-di-2-giorni-da-fez-a-chefchaouen-volubilis-e-meknes/#primaryimage"},"image":{"@id":"https://www.culturaltravelmorocco.com/it/prodotto/tour-privato-di-2-giorni-da-fez-a-chefchaouen-volubilis-e-meknes/#primaryimage"},"thumbnailUrl":"https://www.culturaltravelmorocco.com/wp-content/uploads/2026/01/8-4.webp","datePublished":"2026-01-10T12:20:37+00:00","dateModified":"2026-01-12T16:36:08+00:00","breadcrumb":{"@id":"https://www.culturaltravelmorocco.com/it/prodotto/tour-privato-di-2-giorni-da-fez-a-chefchaouen-volubilis-e-meknes/#breadcrumb"},"inLanguage":"it-IT","potentialAction":[{"@type":"ReadAction","target":["https://www.culturaltravelmorocco.com/it/prodotto/tour-privato-di-2-giorni-da-fez-a-chefchaouen-volubilis-e-meknes/"]}]},{"@type":"ImageObject","inLanguage":"it-IT","@id":"https://www.culturaltravelmorocco.com/it/prodotto/tour-privato-di-2-giorni-da-fez-a-chefchaouen-volubilis-e-meknes/#primaryimage","url":"https://www.culturaltravelmorocco.com/wp-content/uploads/2026/01/8-4.webp","contentUrl":"https://www.culturaltravelmorocco.com/wp-content/uploads/2026/01/8-4.webp","width":1200,"height":1000},{"@type":"BreadcrumbList","@id":"https://www.culturaltravelmorocco.com/it/prodotto/tour-privato-di-2-giorni-da-fez-a-chefchaouen-volubilis-e-meknes/#breadcrumb","itemListElement":[{"@type":"ListItem","position":1,"name":"Home","item":"https://www.culturaltravelmorocco.com/it/"},{"@type":"ListItem","position":2,"name":"Prodotti","item":"https://www.culturaltravelmorocco.com/it/shop/"},{"@type":"ListItem","position":3,"name":"Tour privato di 2 giorni da Fez a Chefchaouen, Volubilis e Meknes"}]},{"@type":"WebSite","@id":"https://www.culturaltravelmorocco.com/it/#website","url":"https://www.culturaltravelmorocco.com/it/","name":"Cultural Travel Morocco","description":"","potentialAction":[{"@type":"SearchAction","target":{"@type":"EntryPoint","urlTemplate":"https://www.culturaltravelmorocco.com/it/?s={search_term_string}"},"query-input":{"@type":"PropertyValueSpecification","valueRequired":true,"valueName":"search_term_string"}}],"inLanguage":"it-IT"}]}</script>
<!-- / Yoast SEO Premium plugin. -->

Panoramica: Questo tour privato di 2 giorni da Fez a Chefchaouen è il modo perfetto per scoprire le destinazioni più iconiche del nord del Marocco a un ritmo rilassato. Alle 9:00, la tua guida autista professionale di lingua spagnola ti verrà a prendere al tuo hotel o riad a Fez e inizierà il viaggio attraverso [&hellip;]
